- 4*k**3 + 2*k**3 + 46*k + 0*k**3 - 7. Let q(r) = r**3 - r**2. Let h(l) = -3*q(l) - x(l). Determine h(-5).
2
Suppose -5*z = -z - 56. Let h = -12 + z. Let v(o) = 8*o**h + 5*o**3 - 2*o**3 - 2*o**3 + 4 + 8*o. What is v(-7)?
-3
Let a(j) = -j**3 + 12*j**2 + 29*j - 3. Let x = -716 - -730. Give a(x).
11
Let m(y) be the third derivative of y**5/60 + y**4/24 - y**3/3 + 1095*y**2. Let p(v) = -v**2 - 5*v - 1. Let o be p(-4). Calculate m(o).
10
Let b(v) = 3*v**2 - 5*v - 8. Let a be b(5). Let l(c) = -34*c**3 + a*c**3 + 5*c - 2*c - 4*c. What is l(1)?
7
Let l = 66 + -64. Let n(u) = -9*u + 5. Determine n(l).
-13
Let j = 33 + -2. Let d = j + -31. Let p(v) = v**3 - v - 11. Calculate p(d).
-11
Let c(t) = 15*t**2 - 2*t - 11. Let v(j) = 7*j**2 - j - 5. Let u(g) = 4*c(g) - 9*v(g). Calculate u(3).
-23
Let s(u) = -2*u**2 - 13*u - 2. Let p be s(-6). Suppose 2*k = k - 4*m - 5, 0 = p*k + 2*m - 22. Let g(d) be the first derivative of d**2 - 8*d + 2. Give g(k).
6
Let y(d) = 2*d + 2 + 0*d**2 - 5*d + d**2. Let a = 108 + -157. Let i = 54 + a. Give y(i).
12
Let m(h) be the first derivative of -3*h**2/2 + h - 1. Let y(a) = -a**2 - 16*a + 25. Let j be y(-17). Suppose 4*w = -0*w - j. Give m(w).
7
Let o(t) be the third derivative of -t**5/60 - 5*t**4/12 - t**3/6 - 24*t**2. Determine o(-9).
8
Let q be 126/36 + (-2)/4. Let u(y) = 0*y**q - 9*y + 4 + 15*y**2 - 29*y**2 - y**3 + 23*y**2. Determine u(8).
-4
Let w(o) = -o**3 + 4. Let i be 8/16*(0 + 0). Give w(i).
4
Let g(c) = c**2 + 5*c - 3. Let v be 66/154 - 736/(-14). Suppose 0 = 50*l - v*l - 12. Determine g(l).
-7
Suppose -4*f + 33 = 25. Let c(w) = -2*w**3 + 2*w**2 - w. What is c(f)?
-10
Suppose -10*k + 167 = -63. Let p(b) = -b + 20. Give p(k).
-3
Let c(t) = t**2 - 8*t + 6. Suppose -40 = -w - 47. Let i(b) = -b**2 - 6*b + 13. Let g be i(w). Calculate c(g).
-6
Let m(d) = d**2 + 6*d - 6. Suppose -3*q + 39 = -5*l + q, l - q + 8 = 0. Determine m(l).
1
Let g(j) be the first derivative of -j**2/2 - 16*j - 112. Suppose 3*i = -16 - 20. Calculate g(i).
-4
Let p(m) = 8*m**2 + 5*m - 12. Let r(x) = -7*x**2 - 3*x + 11. Let f(l) = -6*p(l) - 7*r(l). What is f(10)?
5
Let b(a) be the first derivative of -2 - 4*a + 2*a**2 + 2*a**3 + 1/4*a**4. What is b(-5)?
1
Let d(u) be the first derivative of -u**3/3 + 3*u**2/2 - 4*u - 14. Let a(o) be the second derivative of 5*o**3/6 + o. Let x be a(1). Determine d(x).
-14
Let t(b) = -b**3 + 7*b**2 - 7*b + 9. Let i = -126 + 132. Give t(i).
3
Let r(m) = 9*m + 4. Suppose -15 = -7*l + 48. Let v(w) = -19*w - 9. Let i(k) = l*r(k) + 4*v(k). Give i(-2).
-10
Let k(q) be the first derivative of q**2 + 8*q - 41. Let g = 2 - -2. Suppose 0 = 2*x + 3*c + 3, 0 = g*x + x + 3*c + 21. What is k(x)?
-4
Let z(c) = -2*c**2 - c - 42. Let g(b) = -b**3 + 13*b + 12. Let y be g(-3). Determine z(y).
-42
Let f(s) = 5*s + 2. Let i(k) = -4*k**2 + k. Let d be i(1). Let j be 3/27*d*-6. Calculate f(j).
12
Let b(g) = 2 - g**3 + 7 + 3*g**2 - g - 9*g**2 + 11*g. Give b(-7).
-12
Suppose -4*u = -2*b + 5 - 7, -18 = -3*u - 4*b. Let v(w) = 3*w**2 - 2. Give v(u).
10
Let n be 1/(-2)*-2*-7. Let r(l) be the second derivative of -l**6/720 - l**5/120 - 5*l**4/4 - 2*l. Let x(o) be the third derivative of r(o). Calculate x(n).
6
Let r(n) = -2*n. Let v(b) = 4*b - 1. Let i(w) = -3*r(w) - 2*v(w). Suppose 0 = 5*a + 4*f + 8, 2 + 0 = -2*a - 2*f. Calculate i(a).
10
Let a(b) = b**3 - 21*b**2 - 22*b + 4. Let z = -22 - -44. Let w be a(z). Let q(u) = -u**2 + 5*u - 4. Calculate q(w).
0
Suppose 3*b = 2*k - 6*k - 18, 0 = 4*b - 4*k + 52. Let r(y) = -y - 17. Determine r(b).
-7
Let b(m) = -96 - 95 - 3*m + 194. Give b(-6).
21
Suppose 8*m - 154 = -6*m. Suppose 0 = m*x - 6 - 5. Let n(p) = 26*p**3 + 2*p**2 - 2*p + 1. Determine n(x).
27
Let c(g) be the third derivative of -g**4/4 + g**3/6 - 232*g**2. Determine c(5).
-29
Let u(l) = l - 17. Let w be (46/(-69))/(-1 - (-2)/3). Suppose -j = -w*j - 2*j. Give u(j).
-17
Let c = 3141 - 3134. Let u(l) = -l**3 + 7*l**2 + 2*l - 3. What is u(c)?
11
Let x(t) be the second derivative of t**3 - t**2/2 + t + 30. Give x(-4).
-25
Let c(l) be the third derivative of l**4/24 + 13*l**3/2 + 40*l**2 - 6. What is c(-33)?
6
Let q(y) be the first derivative of -2*y**3/3 - 27*y**2/2 - 12*y + 159. Give q(-13).
1
Let j(a) = a**2 + 11*a + 13. Let q be j(-9). Let y(c) = -c - 2. What is y(q)?
3
Suppose -3*u + 16 = u + 3*n, 0 = 5*u - 5*n + 15. Let m be (-2 - u - 2)*-1. Let k(w) = 3*w + 2. Let i(c) = -c. Let p(q) = 4*i(q) + k(q). Calculate p(m).
-3
Let a(s) be the second derivative of s**5/20 - 2*s**4/3 + 7*s**3/6 + 3*s**2/2 - 47*s - 3. Calculate a(7).
3
Let o(j) = j**2 - 6*j - 1. Let l(u) = 5*u - 18. Let q be l(6). Let b be 1*q/(-10)*-5. Determine o(b).
-1
Let l(m) = -m**3 - 26*m**2 + 89*m + 44. Let b be l(-29). Let u(k) = -k**3 - 13*k**2 + 14*k - 7. What is u(b)?
-7
Let l = 26 + -26. Suppose l = 26*x - 24*x. Let j(i) = -i - 21. Calculate j(x).
-21
Let j(t) = 3*t - 10. Let i = -1347 - -1354. Determine j(i).
11
Let c(a) = 3*a**2 - a**3 + 0*a + 2*a + 0*a**3 + 5. Let z be (7 - 8)*(0/(-6) - 4). What is c(z)?
-3
Let a be (3 + -5)*(-3 + -1). Let m be (54/36)/(6/a). Let l(j) = -7 - j + 6*j + j**2 + m*j - 2*j. Determine l(-6).
-1
Let p(l) = -6 + 17 + 3*l - 3*l + 5*l + 0*l. What is p(-8)?
-29
Suppose -455*a = -438*a + 17. Let x(v) = -6 + 0 + 5 - 13*v. Calculate x(a).
12
Let a be 132/(-396)*(1*10 - -2). Let m(f) = -f**2 - 7*f - 10. What is m(a)?
2
Let q be 3*((-14)/(-3))/1. Let l be 10/(-35) + 4/q. Let p(j) = 3*j**2 - 2 + l + j**2 - j**3 + j. Determine p(4).
2
Let f(z) = -2*z**3 + 6*z**2 + 7*z - 15. Let n(b) = -5*b**3 + 19*b**2 + 21*b - 44. Let j(y) = 8*f(y) - 3*n(y). What is j(-8)?
4
Let h(g) = -6*g - 94. Let n be h(-15). Let b(z) = -z**3 - 4*z**2 - 3*z - 5. What is b(n)?
7
Let o = 15 + 13. Suppose 22 = -10*s - o. Let i(x) = -x**3 - 4*x**2 + 5*x + 6. Determine i(s).
6
Let j(r) = 21*r + 7 - 15*r + 0*r**3 - r**3 - 4 + 6*r**2. What is j(6)?
39
Let o = 40 + -67. Let c = o + 26. Let r(q) = -q**2 + 2*q + 1. Determine r(c).
-2
Let s = 239 - 245. Let v(f) = 1 + 3*f + 0 + 2. Calculate v(s).
-15
Let s = -683 - -671. Let f(z) = z**2 + 14*z + 7. Calculate f(s).
-17
Let w(s) = -4*s - 1. Let c(x) = x**2 - 7*x + 5. Let m be c(6). Let z be w(m). Let g(f) = 2 - z*f - 1 + 0*f. What is g(-3)?
10
Let w(a) be the second derivative of -a**5/20 - a**4/4 + 5*a**3/3 - a**2 + 3*a. Let f be w(-5). Let g = f - -6. Let r(c) = -c + 1. Calculate r(g).
-3
Let f be 12/(-1)*(-5)/(-10). Let i be f/24 + (-17)/(-4). Let x(a) = i*a - 2 - 4 + 2*a - 5*a. What is x(0)?
-6
Let r(n) = 29*n - 1. Suppose -5*u + 1 = c - 5, 2*u - 24 = 5*c. Determine r(u).
57
Let w = -64 + 37. Let c = -24 - w. Let n(m) = 3*m**2 - m - 3 + m**c + 0*m**3 - m**2. Calculate n(-3).
-9
Let r(q) = -q + 20. Let a be r(9). Let w = -7 + a. Let m be (-5 + -1)*2/w. Let c(o) = o**3 + 3*o**2 + 4*o + 4. Determine c(m).
-8
Let j = -477 + 472. Let z(m) = m**2 + 7*m - 1. What is z(j)?
-11
Let w(a) = -a**3 - 2*a**2 - 3*a**2 + 2*a - 3*a - 5. Suppose 0 = -4*b + k + 44, 4*k = -13 - 3. Suppose b = -0*m - 2*m. Determine w(m).
0
Let b(u) = -4*u + 2. Let s(a) = -4*a**2 - 17*a + 7. Let o(q) = 4*b(q) - s(q). Give o(-1).
4
Let p(y) = -y - 1. Let v(d) = -4*d + 16. Let a = 64 - 59. Let j be v(a). What is p(j)?
3
Let t(y) be the third derivative of y**6/360 + 11*y**5/120 + y**4/4 - 10*y**3/3 - 20*y**2. Let d(j) be the first derivative of t(j). Determine d(-7).
-22
Let p(m) = -m**2 - 8*m - 2. Let t(u) = -u**2 + 6*u - 2. Let r be t(6). Let q be ((3 - 4) + r)/1. Determine p(q).
13
Let m(u) be the second derivative of -u**4/12 + 7*u**3/6 - 9*u**2/2 - 3*u. Let a be (4/3)/((-581)/(-63) - 9). Give m(a).
-3
Let o(f) = -5*f**2 - f**2 + 14*f + 3*f**2 + 2*f**2. Give o(13).
13
Let v(s) = s**2 + 5*s - 6. Let j(i) = -3*i**2 - 15*i + 16. Let a(w) = 2*j(w) + 7*v(w). Give a(-6).
-4
Let f(a) = -5*a**2 + 2*a**2 + 12 - 7*a + 2*a**2 - 6. What is f(-8)?
-2
Let a = 146 + -147. Let f be 6 + 15/(-3) - (4 + a). Let w(q) = 8*q + 3. Calculate w(f).
-13
Let z(r) = -5*r**2 - 5*r + 9. Let h(f) = 11*f**2 + 10*f - 18. Let g = 30 - 39. Let a(p) = g*z(p) - 4*h(p). Calculate a(-7).
5
Let r(p) = -3*p**2 + p - 5. Let a(x) = -5*x**2 - x - 5. Let c(k) = 2*a(k) - 3*r(k). Determine c(3).
-19
Let y(d) = -86 + 157 + d**2 - 107. Determine y(0).
-36
Let j = -18 - -46. Suppose -5*f + j = 4*a, -3*f = -2*a + 3*a - 21.